me factors of 241188826.
2, 17, 2017, 3517
What are the prime factors of 51505710?
2, 3, 5, 509, 3373
List the prime factors of 216919702.
2, 108459851
What are the prime factors of 10777771?
10777771
List the prime factors of 268834189.
13, 23, 563, 1597
List the prime factors of 4049302638.
2, 3, 674883773
List the prime factors of 24934557.
3, 8311519
List the prime factors of 9795682159.
2273, 4309583
List the prime factors of 102688110.
2, 3, 5, 7, 162997
What are the prime factors of 65895689?
17, 89, 97, 449
What are the prime factors of 294970179?
3, 7, 17, 37, 137, 163
What are the prime factors of 21809229?
3, 13, 559211
What are the prime factors of 129647280?
2, 3, 5, 7, 77171
What are the prime factors of 591821896?
2, 73977737
What are the prime factors of 1658151606?
2, 3, 9433, 29297
List the prime factors of 108752375.
5, 43, 20233
List the prime factors of 758205352.
2, 223, 425003
List the prime factors of 539589216.
2, 3, 5620721
List the prime factors of 97597404.
2, 3, 2711039
What are the prime factors of 236744824?
2, 41, 721783
What are the prime factors of 294746348?
2, 13, 1097, 5167
List the prime factors of 67486761.
3, 23, 326023
List the prime factors of 229266665.
5, 45853333
What are the prime factors of 169963656?
2, 3, 47, 89, 1693
List the prime factors of 1352668302.
2, 3, 467, 53639
List the prime factors of 520636300.
2, 5, 5206363
What are the prime factors of 9759600275?
5, 390384011
What are the prime factors of 737501486?
2, 23, 16032641
List the prime factors of 11009810.
2, 5, 7, 22469
List the prime factors of 3063149662.
2, 463, 1567, 2111
List the prime factors of 133510534.
2, 107, 623881
What are the prime factors of 203627021?
13, 37, 423341
List the prime factors of 6138624483.
3, 157, 4344391
What are the prime factors of 31900264?
2, 11, 23, 15761
What are the prime factors of 727013154?
2, 3, 7, 179, 96703
What are the prime factors of 96056209?
96056209
List the prime factors of 4422130815.
3, 5, 5897, 49993
What are the prime factors of 703954416?
2, 3, 11, 953, 1399
What are the prime factors of 268276902?
2, 3, 61, 732997
What are the prime factors of 291218265?
3, 5, 13, 149, 257
What are the prime factors of 184987855?
5, 13, 2845967
What are the prime factors of 34878835?
5, 101, 69067
What are the prime factors of 579946703?
7, 61, 194027
What are the prime factors of 63767409?
3, 43, 653, 757
List the prime factors of 19142207.
7, 47, 83, 701
List the prime factors of 82346889.
3, 61, 97, 4639
What are the prime factors of 21445903?
37, 107, 5417
List the prime factors of 47438231.
19, 613, 4073
What are the prime factors of 3891018418?
2, 7, 277929887
What are the prime factors of 924266212?
2, 433, 533641
What are the prime factors of 3578052661?
23, 43, 61, 127, 467
What are the prime factors of 915033645?
3, 5, 6778027
List the prime factors of 40338214.
2, 7, 37, 43, 1811
List the prime factors of 142961680.
2, 5, 1787021
List the prime factors of 183905514.
2, 3, 13, 785921
What are the prime factors of 58524874?
2, 71, 412147
What are the prime factors of 253669854?
2, 3, 37, 881, 1297
What are the prime factors of 4336106647?
59, 73493333
List the prime factors of 1091678467.
11, 727, 136511
What are the prime factors of 11606997?
3, 3868999
What are the prime factors of 402733009?
7, 17, 137, 3529
What are the prime factors of 451052339?
451052339
List the prime factors of 472171320.
2, 3, 5, 571, 2297
What are the prime factors of 2163771258?
2, 3, 11, 29, 1130497
List the prime factors of 2511943743.
3, 89, 337, 27917
List the prime factors of 861385298.
2, 1217, 353897
What are the prime factors of 206951390?
2, 5, 20695139
List the prime factors of 2449532398.
2, 2161, 566759
List the prime factors of 127920439.
101, 1266539
List the prime factors of 16657001.
16657001
List the prime factors of 783798258.
2, 3, 89, 1467787
List the prime factors of 147929911.
277, 534043
List the prime factors of 22477546.
2, 7, 13, 123503
What are the prime factors of 2450598113?
2450598113
What are the prime factors of 5567893171?
19, 2089, 140281
What are the prime factors of 32966906?
2, 7, 336397
What are the prime factors of 814202180?
2, 5, 11, 3700919
List the prime factors of 1353895593.
3, 349, 1293119
List the prime factors of 990699475.
5, 61, 649639
What are the prime factors of 818845445?
5, 11, 14888099
List the prime factors of 98705655.
3, 5, 17, 41, 1049
What are the prime factors of 191761751?
17, 659, 17117
List the prime factors of 172208065.
5, 34441613
What are the prime factors of 4645368276?
2, 3, 387114023
What are the prime factors of 134371657?
7, 19195951
List the prime factors of 9477480.
2, 3, 5, 78979
List the prime factors of 162067292.
2, 23, 1761601
What are the prime factors of 1126580750?
2, 5, 827, 5449
List the prime factors of 97361171.
37, 1453, 1811
List the prime factors of 29737334.
2, 11, 1351697
What are the prime factors of 41529164?
2, 17, 401, 1523
What are the prime factors of 398523703?
139, 2867077
What are the prime factors of 1242768055?
5, 19, 13081769
List the prime factors of 237986554.
2, 13, 821, 11149
List the prime factors of 2037273633.
3, 75454579
List the prime factors of 167955331.
167955331
What are the prime factors of 4191623329?
37, 281, 359, 1123
What are the prime factors of 45601899?
3, 7, 31, 10007
List the prime factors of 124501475.
5, 7, 711437
List the prime factors of 708816156.
2, 3, 17, 3474589
List the prime factors of 21348651.
3, 17, 418601
List the prime factors of 12380899.
12380899
List the prime factors of 214393156.
2, 251, 213539
What are the prime factors of 6085498932?
2, 3, 169041637
What are the prime factors of 2210734751?
2210734751
What are the prime factors of 544367921?
7489, 72689
What are the prime factors of 37362803?
1913, 19531
What are the prime factors of 2358096841?
439, 5371519
List the prime factors of 2600916860.
2, 5, 103, 1262581
List the prime factors of 53612279.
7, 2677, 2861
List the prime factors of 67584578.
2, 109, 310021
List the prime factors of 55931695.
5, 53, 211063
List the prime factors of 26553619.
26553619
List the prime factors of 525455723.
13, 23, 47, 139, 269
What are the prime factors of 61833308?
2, 709, 21803
List the prime factors of 57887684.
2, 37, 391133
What are the prime factors of 2250597821?
2287, 984083
List the prime factors of 245972228.
2, 31, 1983647
List the prime factors of 331841849.
331841849
List the prime factors of 13889284.
2, 3472321
What are the prime factors of 4032602828?
2, 1019, 989353
What are the prime factors of 17416819?
7, 23, 108179
What are the prime factors of 66348804?
2, 3, 31, 59, 3023
What are the prime factors of 159156615?
3, 5, 53, 107, 1871
What are the prime factors of 324084956?
2, 13, 89, 239, 293
What are the prime factors of 880158575?
5, 5483, 6421
What are the prime factors of 683153584?
2, 1847, 23117
What are the prime factors of 225435271?
2539, 88789
List the prime factors of 64038562.
2, 7, 4574183
What are the prime factors of 3444630?
2, 3, 5, 7, 47, 349
What are the prime factors of 1241339203?
13, 61, 397, 3943
List the prime factors of 299694688.
2, 179, 52321
What are the prime factors of 1211018062?
2, 113, 149, 35963
What are the prime factors of 1144051052?
2, 127, 263, 8563
What are the prime factors of 536929666?
2, 7, 13, 17, 173539
What are the prime factors of 343552899?
3, 41, 229, 12197
What are the prime factors of 27358483?
2087, 13109
List the prime factors of 4218330177.
3, 31, 5039821
List the prime factors of 87302548.
2, 17, 353, 3637
List the prime factors of 23828712.
2, 3, 992863
List the prime factors of 175550439.
3, 58516813
What are the prime factors of 6672027?
3, 2224009
What are the prime factors of 23521406?
2, 197, 59699
What are the prime factors of 744042506?
2, 372021253
List the prime factors of 453345559.
227, 359, 5563
What are the prime factors of 242016351?
3, 71, 1136227
What are the prime factors of 140241361?
13, 29, 41, 43, 211
List the prime factors of 93344837.
563, 165799
What are the prime factors of 22417258?
2, 11208629
List the prime factors of 934435632.
2, 3, 13, 1497493
What are the prime factors of 200864166?
2, 3, 41, 816521
What are th